0. Let a be -6*(4/6 + 1). Let g = a - h. Let m(f) = -f**3 - f**2 - 6. Give m(g).
-6
Let a be 0/(-3 + 2 + 3). Let k(f) be the third derivative of f**6/120 + f**5/60 + f**4/24 + f**3/3 + 11*f**2. Determine k(a).
2
Let g(d) be the third derivative of -d**4/8 - d**3/2 - 53*d**2. Calculate g(4).
-15
Let a(j) be the first derivative of -j**4/4 + 5*j**3/3 - 2*j**2 + 4*j - 1228. Suppose -15 = t - 6*t. Give a(t).
10
Let a(q) be the first derivative of q**5/20 + q**4/3 - 2*q**3/3 + 7*q**2/2 - 17*q + 7. Let h(y) be the first derivative of a(y). Determine h(-5).
2
Let f be 9*(-24)/(-40) - 6/(-10). Let a(t) = -2*t + 6. What is a(f)?
-6
Let a(i) = -i**2 + 5*i - 5. Let y = -14 + 14. Let c be (1 + y)*(-3 - -4). Suppose n - 3 = c. Determine a(n).
-1
Suppose 3*b = 5*g - 2, -16 = -8*g + 4*g. Let p(k) = -4*k - 4*k - 58 + k**2 + 53 + 2*k. Determine p(b).
-5
Suppose 970 = -6*p + 952. Let n(i) = 0*i**3 + 1 + i**3 + 4*i + 5*i**2 + 0*i**3. Give n(p).
7
Let b(t) = -8*t**2 + 5*t - 6. Let x(l) = 23*l**2 - 14*l + 17. Let u(n) = 11*b(n) + 4*x(n). Calculate u(2).
16
Let a(b) = -b**2 + 4*b + 15. Suppose 0 = -14*u + 58 + 40. Determine a(u).
-6
Let b be (6/5)/(42/280). Let z(s) = s**2 - 7*s - 12. What is z(b)?
-4
Let u(f) = -475 + 468 + 4*f - 6*f. Determine u(-8).
9
Suppose 0*k = t + 3*k - 24, t + 4 = 4*k. Let j(a) = a**2 - 10*a - 10. Determine j(t).
14
Let q(t) = 4*t**3 + 2*t**2 - 3*t - 2. Let v be q(-2). Let j(d) = -d - 24. Give j(v).
-4
Let g(x) = 2940 - 2919 + x**3 + 16*x**2 - 15*x - 2*x**3. Calculate g(15).
21
Let p = -164 - -38. Let b = p + 193. Let u(w) = 0*w + 64 + w - b. Determine u(4).
1
Let t = 5 - 15. Let s(h) = 2*h + 5. Let v be s(-4). Let d = v - t. Let i(o) = -o**2 + 7*o - 4. What is i(d)?
-4
Suppose -l - t = -4*t + 12, 4*t = 4*l + 24. Let m(j) = 2*j + 7. Determine m(l).
1
Let p(z) = 2*z**2 - 3*z - 5. Let r be (-5 - 0)*(2 + 56/(-20)). Calculate p(r).
15
Let h(i) = -i**2 + 357 - 184 - 181 + i. Give h(0).
-8
Let h(b) = -b. Let n(g) = g**2 + 6*g - 4. Let j be n(-8). Suppose -21 = 4*p + f, -5*p - j = -p + 4*f. Determine h(p).
6
Let a(h) = 1 - 2*h - 4*h + 0*h - h**2. Let t be ((-20)/35)/((-6)/21) - 9. Give a(t).
-6
Let a = 637 + -643. Let s(b) = 2*b + 11. Calculate s(a).
-1
Suppose 10 = 5*w + 4*q - 11, -q + 7 = 3*w. Let x = 30 + -27. Let b(n) = 3*n**3 + 5*n**x - 7*n**3 - 1. Give b(w).
0
Let r(t) = -3*t**2 + 39. Let i(n) = -n**2 + 19. Let b(v) = -5*i(v) + 2*r(v). Let s = 5677 + -5677. Determine b(s).
-17
Let s(h) = -5*h - 2. Let o(m) = 4*m + 1. Let q(d) = -4*o(d) - 3*s(d). Calculate q(-6).
8
Suppose 5*v + 2 = -3*u, 20*v + 5*u = 19*v - 18. Let p(h) = 2*h**2 + 4*h - 5. Determine p(v).
11
Let d(k) = k**3 - 5*k**2 - 10*k + 8. Let j(v) = v**3 - 15*v**2 - 12*v - 34. Let b be j(16). Suppose x - 7 - 11 = 4*q, -4*x + 2*q + b = 0. Determine d(x).
-16
Suppose -755 = -3*g - 746. Let s(v) = 5*v**2 - 4*v - 2. Calculate s(g).
31
Let h(c) = 27*c**3 - 1 - 8*c**3 - 7*c**3 - 3*c**3 - 8*c**3 + 2*c**2. Give h(1).
2
Let a(w) = -w**3 - 7*w**2 + 23*w + 30. Let j be a(-9). Let x(n) = -5*n - 72. Determine x(j).
3
Let t(h) = -h - 2. Let c be t(-6). Let b(d) be the third derivative of -d**4/24 + 2*d**3/3 + d**2 - 228*d. Give b(c).
0
Let q(x) = -7*x**2 - 19*x + 32. Let t(r) = 8*r**2 + 18*r - 28. Let o(g) = 7*q(g) + 6*t(g). Calculate o(-27).
2
Suppose 4*j = 3*j. Suppose 3*v + 3*o - 30 = -j*v, 3*o - 36 = -4*v. Suppose -v + 16 = -5*f. Let g(k) = -k**3 - 1. Calculate g(f).
7
Let l(g) = 6*g + 0 - g**2 + 0*g**2 - 4. Suppose 129 - 45 = -4*d. Let q be (d/(-12) - -3) + (-21)/28. Determine l(q).
4
Let c(r) be the first derivative of -1/24*r**4 + 0*r + 0*r**3 - r**2 + 4 - 2/15*r**5. Let z(o) be the second derivative of c(o). Determine z(1).
-9
Suppose 390 = -2*q + 382. Let c(j) = -2*j + 2. Calculate c(q).
10
Let h(a) = 5*a - 3. Suppose 0 = -4*o - 2 + 18. What is h(o)?
17
Let q(u) = u**2 + 22*u + 24. Suppose -2*b = -22*b - 400. Give q(b).
-16
Let g(r) = r**2 + 7*r + 4. Suppose 4*p = o + 23, 13 = o + 5*p + 81. Let y = -50 - o. Give g(y).
4
Let t(b) be the third derivative of -b**6/120 - b**5/15 - b**4/24 + b**3/6 + 261*b**2. Let v = 3 - 5. Give t(v).
-5
Let z = -21 + 19. Let c(k) = -k - 4. Calculate c(z).
-2
Let o(b) = b**3 - 2*b**2 - 2*b - 1. Let j(w) = w**3 + 2*w**2 - 2*w - 2. Let q be j(-2). Let u be o(q). Let p(r) = -56 + 118 + 2*r - 66 + r**2. What is p(u)?
11
Let a = -56 - -60. Suppose 12 - 24 = a*i. Let f(x) = -x**3 - 3*x**2 - x + 3. Calculate f(i).
6
Let c(b) = -51*b + 108. Let o(s) = -7*s + 17. Let t(x) = 2*c(x) - 15*o(x). Calculate t(11).
-6
Let p be (0/(-1))/(17/((-68)/4)). Let a(s) be the first derivative of -8/3*s**3 + 7 + s + p*s**2. Calculate a(1).
-7
Suppose 8 = -3*l - 7. Let a(c) = 3*c + 3. What is a(l)?
-12
Let w(s) = s**3 - s**2 - 4*s + 4. Suppose -3*m + 9 = -0. What is w(m)?
10
Let s(n) = 7*n**2 - 13 - 509*n - 7*n**3 + 521*n + 6*n**3. Calculate s(9).
-67
Suppose -4*b + 0*b + x + 13 = 0, -1 = -4*b + 5*x. Suppose -8*r + 4*r = -12, -b*r + 22 = 2*m. Let f(n) = -n**2 + 7*n - 5. What is f(m)?
5
Let g(x) = -2 - 3*x - 2 + x + 4*x. Suppose 6*j - j - 20 = -5*p, p - j - 6 = 0. Give g(p).
6
Let y = 40 + -26. Let l = -17 + y. Let n(g) be the first derivative of g**2/2 + 7*g + 3. What is n(l)?
4
Let z(n) = -16*n - 8. Let x(w) = 5*w + 3. Suppose 4*j - 24 = 3*l + l, -4*j - l + 49 = 0. Let v(s) = j*x(s) + 4*z(s). Calculate v(3).
-26
Suppose 3*n = -5*r + 37, 5*n + 2*r = 5*r + 5. Suppose -4 = g + n*w, -2*g + 3*w + 14 = -11. Let x = g - 4. Let s(o) = -o**2 + 4*o + 5. Give s(x).
5
Let z(x) = x**3 + x**2 - x + 2. Let t(k) = -4*k**3 - 10*k**2 + 13*k - 10. Let w(a) = t(a) + 3*z(a). Give w(-8).
-20
Let f(p) = -1. Let o(d) = -8*d - 3. Let y(r) = -4*f(r) + o(r). Give y(1).
-7
Let r(k) = -1 + 3*k**2 - 4*k**2 + k - 7*k. Suppose 71*p - 48 = 79*p. Calculate r(p).
-1
Suppose 8 = -s + 2. Let c(n) = -n - 1. Let d(f) = -f - 2. Let u(w) = -6*c(w) + 7*d(w). Calculate u(s).
-2
Let m(i) = i**3 + 5*i**2 - 6*i + 8. Let v(c) = -c**3 - 2*c**2 + 2*c - 3. Let p(h) = -3*m(h) - 8*v(h). Determine p(-2).
-40
Let h(w) = -69*w**2 - 2*w + 65*w**2 - w**3 + 2 + w. Calculate h(-4).
6
Let x(t) be the third derivative of -t**4/24 - 2*t**3/3 - 1387*t**2. Suppose -4*s + 0*s = 4. Let m be (s/(-1))/((-2)/(-12)). What is x(m)?
-10
Let x = -25 - -28. Let m(b) = b + 6. Let r be m(-3). Suppose 4*i + x*g = 3, r = -0*i + 3*i + 3*g. Let h(l) = l**3 - l**2 - l + 6. Determine h(i).
6
Let v = -27 + 46. Suppose -3*k - g = v, -k + 2*g - 5 = g. Let u(p) = p + 3 + 3*p - 5*p. Give u(k).
9
Let d(x) = -x**2 + 7*x - 5. Let w be d(6). Let z(c) = -1269623 + 1269623 + 4*c. Calculate z(w).
4
Let h(w) = 7*w. Let j be (-1 + 3)*4/8. Let d be h(j). Suppose 2*i + d = 3. Let a(x) = -3*x**2 + 2*x. Determine a(i).
-16
Let w(y) = 9*y**3 - 6*y**2 + 6. Let p(q) = -8*q**3 + 5*q**2 - 5. Let l(v) = 6*p(v) + 5*w(v). Give l(-1).
3
Let h(i) = -4*i**3 + 25 + 4*i**3 - 3*i**3 - 2*i**3 + 4*i**3. Calculate h(0).
25
Let m be 10/14 - 12/(-42). Suppose -m - 2 = 3*g. Let l = g - -1. Let x(c) = -c**3 - c - 11. Calculate x(l).
-11
Let o(x) = -14*x**3 - 5*x**2 + 10*x + 15. Let c(b) = -3*b**3 - b**2 + 2*b + 3. Let h(k) = -11*c(k) + 2*o(k). Determine h(-2).
-35
Let l(y) = y**3 + 6*y**2 + 7*y + 3. Let g = -1 - 4. Let q be g/(-10)*2 - 6. Calculate l(q).
-7
Let w = 17 + -13. Suppose -20 = -w*f - 0. Suppose -3*u - f*t - 10 + 0 = 0, -2*u + 2 = -t. Let z(a) = a**2 - a - 3. Give z(u).
-3
Let b(r) = 2*r**2 + r. Let h = 25 + -27. Let y be (h/6 - -1)/(14/(-21)). Determine b(y).
1
Let l(m) be the first derivative of m**2 + 4*m - 1. Let f be ((-12 - -1) + 9)/((70/25)/7). What is l(f)?
-6
Let d(h) be the first derivative of 7*h**2/2 + 80*h + 624. Give d(-11).
3
Let f = -25 + 25. Suppose -4*u = -2*l + u - 27, -l + 2*u - 12 = f. Let s(w) be the second derivative of w**3/6 + 3*w**2/2 - w. What is s(l)?
-3
Let a be 56/30 + (-18)/(-135). Let l(x) = 131*x - x**a + 9 - 131*x. What is l(0)?
9
Let h(n) = -11 - 4*n**2 - 17*n + 4 + 13*n + n**3 + 5*n**2 + 2*n**2. Give h(-3).
5
Suppose 2 = t - 3. Let y(v) be the first derivative of -1/2*v**2 + 8*v + 8. What is y(t)?
3
Let w(b) = 9*b - 78. Let m be 102/(-357) + (-65)/(-7). Calculate w(m).
3
Let h(k) = 2*k**2 + 7 - 9*k - k**2 - 2. Suppose -5*w - 4*b = -27, 2*w + 7*b - 11*b = 22. Calculate h(w).
-9
Let h(c) be the first derivative of 0*c**3 + 1/2*c**2 + 50 + 11/4*c**4 + c. C